 are the prime factors of 4315?
5, 863
List the prime factors of 3525.
3, 5, 47
What are the prime factors of 21050?
2, 5, 421
List the prime factors of 102916.
2, 11, 2339
List the prime factors of 9747.
3, 19
What are the prime factors of 5163?
3, 1721
List the prime factors of 1661.
11, 151
List the prime factors of 1234.
2, 617
List the prime factors of 11736.
2, 3, 163
What are the prime factors of 1229?
1229
What are the prime factors of 46540?
2, 5, 13, 179
What are the prime factors of 2863?
7, 409
List the prime factors of 1075.
5, 43
What are the prime factors of 11331?
3, 1259
What are the prime factors of 7188?
2, 3, 599
What are the prime factors of 2911?
41, 71
What are the prime factors of 93?
3, 31
List the prime factors of 240.
2, 3, 5
What are the prime factors of 4346?
2, 41, 53
List the prime factors of 444.
2, 3, 37
List the prime factors of 14424.
2, 3, 601
What are the prime factors of 28329?
3, 7, 19, 71
What are the prime factors of 254?
2, 127
List the prime factors of 161.
7, 23
What are the prime factors of 48842?
2, 24421
What are the prime factors of 665?
5, 7, 19
List the prime factors of 11930.
2, 5, 1193
What are the prime factors of 394?
2, 197
What are the prime factors of 14026?
2, 7013
List the prime factors of 2058.
2, 3, 7
List the prime factors of 3969.
3, 7
List the prime factors of 13632.
2, 3, 71
List the prime factors of 78477.
3, 7, 37, 101
What are the prime factors of 11990?
2, 5, 11, 109
List the prime factors of 1895.
5, 379
What are the prime factors of 3358?
2, 23, 73
List the prime factors of 12044.
2, 3011
What are the prime factors of 60?
2, 3, 5
What are the prime factors of 28662?
2, 3, 17, 281
What are the prime factors of 126?
2, 3, 7
What are the prime factors of 48669?
3, 16223
What are the prime factors of 12968?
2, 1621
What are the prime factors of 11131?
11131
What are the prime factors of 2605?
5, 521
What are the prime factors of 526?
2, 263
What are the prime factors of 23056?
2, 11, 131
What are the prime factors of 25459?
7, 3637
List the prime factors of 3457.
3457
What are the prime factors of 824?
2, 103
List the prime factors of 7709.
13, 593
List the prime factors of 81783.
3, 13, 233
List the prime factors of 5938.
2, 2969
What are the prime factors of 7975?
5, 11, 29
What are the prime factors of 17467?
17467
List the prime factors of 13614.
2, 3, 2269
List the prime factors of 109.
109
What are the prime factors of 33608?
2, 4201
List the prime factors of 1235.
5, 13, 19
What are the prime factors of 20911?
11, 1901
List the prime factors of 160719.
3, 13, 317
What are the prime factors of 32097?
3, 13, 823
What are the prime factors of 66329?
19, 3491
What are the prime factors of 323?
17, 19
List the prime factors of 10950.
2, 3, 5, 73
What are the prime factors of 5900?
2, 5, 59
List the prime factors of 1621.
1621
What are the prime factors of 483?
3, 7, 23
What are the prime factors of 2062?
2, 1031
What are the prime factors of 96353?
96353
What are the prime factors of 338?
2, 13
List the prime factors of 1753.
1753
What are the prime factors of 8116?
2, 2029
List the prime factors of 37336.
2, 13, 359
List the prime factors of 74.
2, 37
What are the prime factors of 442?
2, 13, 17
What are the prime factors of 2070?
2, 3, 5, 23
List the prime factors of 718.
2, 359
What are the prime factors of 78492?
2, 3, 31, 211
List the prime factors of 1372.
2, 7
List the prime factors of 6373.
6373
List the prime factors of 4131.
3, 17
What are the prime factors of 7083?
3, 787
What are the prime factors of 12699?
3, 17, 83
List the prime factors of 36254.
2, 18127
List the prime factors of 5858.
2, 29, 101
What are the prime factors of 63504?
2, 3, 7
List the prime factors of 139321.
7, 13, 1531
What are the prime factors of 20154?
2, 3, 3359
What are the prime factors of 117016?
2, 14627
What are the prime factors of 30589?
13, 181
What are the prime factors of 48728?
2, 6091
What are the prime factors of 2635?
5, 17, 31
List the prime factors of 18570.
2, 3, 5, 619
List the prime factors of 36313.
36313
What are the prime factors of 31330?
2, 5, 13, 241
List the prime factors of 4744.
2, 593
List the prime factors of 4249.
7, 607
What are the prime factors of 17763?
3, 31, 191
What are the prime factors of 19739?
19739
What are the prime factors of 11559?
3, 3853
What are the prime factors of 15796?
2, 11, 359
What are the prime factors of 25031?
25031
What are the prime factors of 134?
2, 67
What are the prime factors of 7773?
3, 2591
What are the prime factors of 14277?
3, 4759
List the prime factors of 18625.
5, 149
List the prime factors of 1577.
19, 83
List the prime factors of 1641.
3, 547
What are the prime factors of 27103?
27103
List the prime factors of 2107.
7, 43
What are the prime factors of 1440?
2, 3, 5
What are the prime factors of 13331?
13331
What are the prime factors of 1581?
3, 17, 31
What are the prime factors of 12428?
2, 13, 239
List the prime factors of 61.
61
List the prime factors of 8116.
2, 2029
What are the prime factors of 1016?
2, 127
List the prime factors of 2655.
3, 5, 59
List the prime factors of 830.
2, 5, 83
What are the prime factors of 2181?
3, 727
List the prime factors of 4817.
4817
What are the prime factors of 10057?
89, 113
List the prime factors of 13014.
2, 3, 241
What are the prime factors of 12823?
12823
List the prime factors of 1591.
37, 43
What are the prime factors of 686?
2, 7
List the prime factors of 16303.
7, 17, 137
List the prime factors of 6847.
41, 167
What are the prime factors of 788?
2, 197
List the prime factors of 234.
2, 3, 13
List the prime factors of 81817.
81817
List the prime factors of 1645.
5, 7, 47
What are the prime factors of 1958?
2, 11, 89
What are the prime factors of 2794?
2, 11, 127
List the prime factors of 71.
71
What are the prime factors of 312?
2, 3, 13
What are the prime factors of 32503?
32503
List the prime factors of 1154.
2, 577
List the prime factors of 69314.
2, 7, 4951
What are the prime factors of 4093?
4093
What are the prime factors of 6202?
2, 7, 443
What are the prime factors of 351?
3, 13
List the prime factors of 1880.
2, 5, 47
What are the prime factors of 510?
2, 3, 5, 17
What are the prime factors of 40768?
2, 7, 13
List the prime factors of 9207.
3, 11, 31
List the prime factors of 8417.
19, 443
What are the prime factors of 5611?
31, 181
List the prime factors of 79493.
79493
List the prime factors of 4294.
2, 19, 113
List the prime factors of 387.
3, 43
What are the prime factors of 6943?
53, 131
What are the prime factors of 18940?
2, 5, 947
List the prime factors of 10563.
3, 7, 503
What are the prime factors of 8156?
2, 2039
What are the prime factors of 118177?
59, 2003
List the prime factors of 349.
349
What are the prime factors of 5906?
2, 2953
What are the prime factors of 4879?
7, 17, 41
What are the prime factors of 1109?
1109
What are the prime factors of 1914?
2, 3, 11, 29
What are the prime factors of 3490?
2, 5, 349
List the prime factors of 16782.
2, 3, 2797
What are the prime factors of 851?
23, 37
List the prime factors of 70495.
5, 23, 613
List the prime factors of 81752.
2, 11, 929
What are the prime factors of 38189?
38189
What are the prime factors of 3297?
3, 7, 157
List the prime factors of 7702.
2, 3851
What are the prime factors of 6250?
2, 5
List the prime factors of 5158.
2, 2579
List the prime factors of 1363.
29, 47
List the prime factors of 4113.
3, 457
What are the prime factors of 7509?
3, 2503
List the prime factors of 17771.
13, 1367
What are the prime factors of 1332?
2, 3, 37
List the prime factors of 33330.
2, 3, 5, 11, 101
What are the prime factors of 806?
2, 13, 31
List the prime factors of 4606.
2, 7, 47
What are the prime factors of 71022?
2, 3, 7, 19, 89
What are the prime factors of 1436?
2, 359
List the prime factors of 28827.
3, 3203
What are the prime factors of 30448?
2, 11, 173
List the prime factors of 24826.
2, 12413
What are the prime factors of 444?
2, 3, 37
List the prime factors of 5492.
2, 1373
List the prime factors of 10397.
37, 281
What are the prime factors of 186596?
2, 46649
List the prime factors of 1644.
2, 3, 137
What are the prime factors of 857?
857
List the prime factors of 592.
2, 37
List t